Last updated on 2025-04-30 11:52:01 CEST.
Flavor | Version | Tinstall | Tcheck | Ttotal | Status | Flags |
---|---|---|---|---|---|---|
r-devel-linux-x86_64-debian-clang | 1.0-0 | 1.66 | 17.71 | 19.37 | NOTE | |
r-devel-linux-x86_64-debian-gcc | 1.0-0 | 1.21 | 14.08 | 15.29 | NOTE | |
r-devel-linux-x86_64-fedora-clang | 1.0-0 | 31.43 | OK | |||
r-devel-linux-x86_64-fedora-gcc | 1.0-0 | 28.92 | OK | |||
r-devel-windows-x86_64 | 1.0-0 | 3.00 | 35.00 | 38.00 | OK | |
r-patched-linux-x86_64 | 1.0-0 | 1.44 | 16.85 | 18.29 | OK | |
r-release-linux-x86_64 | 1.0-0 | 1.36 | 16.61 | 17.97 | OK | |
r-release-macos-arm64 | 1.0-0 | 15.00 | OK | |||
r-release-macos-x86_64 | 1.0-0 | 22.00 | OK | |||
r-release-windows-x86_64 | 1.0-0 | 4.00 | 35.00 | 39.00 | OK | |
r-oldrel-macos-arm64 | 1.0-0 | 13.00 | OK | |||
r-oldrel-macos-x86_64 | 1.0-0 | 19.00 | OK | |||
r-oldrel-windows-x86_64 | 1.0-0 | 3.00 | 35.00 | 38.00 | OK |
Version: 1.0-0
Check: CRAN incoming feasibility
Result: NOTE
Maintainer: ‘Nathaniel E. Helwig <helwig@umn.edu>’
No Authors@R field in DESCRIPTION.
Please add one, modifying
Authors@R: person(given = c("Nathaniel", "E."),
family = "Helwig",
role = c("aut", "cre"),
email = "helwig@umn.edu")
as necessary.
Flavors: r-devel-linux-x86_64-debian-clang, r-devel-linux-x86_64-debian-gcc