Last updated on 2025-04-22 11:50:11 CEST.
Flavor | Version | Tinstall | Tcheck | Ttotal | Status | Flags |
---|---|---|---|---|---|---|
r-devel-linux-x86_64-debian-clang | 1.4 | 5.37 | 281.66 | 287.03 | OK | |
r-devel-linux-x86_64-debian-gcc | 1.4 | 3.51 | 217.20 | 220.71 | OK | |
r-devel-linux-x86_64-fedora-clang | 1.4 | 346.76 | OK | |||
r-devel-linux-x86_64-fedora-gcc | 1.4 | 350.81 | OK | |||
r-devel-windows-x86_64 | 1.4 | 9.00 | 114.00 | 123.00 | OK | |
r-patched-linux-x86_64 | 1.4 | 4.96 | 276.29 | 281.25 | OK | |
r-release-linux-x86_64 | 1.4 | 5.09 | 278.57 | 283.66 | OK | |
r-release-macos-arm64 | 1.4 | 63.00 | OK | |||
r-release-macos-x86_64 | 1.4 | 98.00 | OK | |||
r-release-windows-x86_64 | 1.4 | 9.00 | 110.00 | 119.00 | OK | |
r-oldrel-macos-arm64 | 1.4 | 55.00 | NOTE | |||
r-oldrel-macos-x86_64 | 1.4 | 142.00 | NOTE | |||
r-oldrel-windows-x86_64 | 1.4 | 8.00 | 132.00 | 140.00 | NOTE |
Version: 1.4
Check: installed package size
Result: NOTE
installed size is 5.1Mb
sub-directories of 1Mb or more:
doc 4.8Mb
Flavors: r-oldrel-macos-arm64, r-oldrel-macos-x86_64, r-oldrel-windows-x86_64