CRAN Package Check Results for Package chkptstanr

Last updated on 2025-01-17 11:49:44 CET.

Flavor Version Tinstall Tcheck Ttotal Status Flags
r-devel-linux-x86_64-debian-clang 0.1.1 29.43 171.24 200.67 NOTE
r-devel-linux-x86_64-debian-gcc 0.1.1 23.00 127.84 150.84 NOTE
r-devel-linux-x86_64-fedora-clang 0.1.1 329.28 NOTE
r-devel-linux-x86_64-fedora-gcc 0.1.1 320.86 NOTE
r-devel-windows-x86_64 0.1.1 22.00 159.00 181.00 NOTE
r-patched-linux-x86_64 0.1.1 39.43 161.54 200.97 NOTE
r-release-linux-x86_64 0.1.1 30.17 161.29 191.46 NOTE
r-release-macos-arm64 0.1.1 93.00 NOTE
r-release-macos-x86_64 0.1.1 124.00 NOTE
r-release-windows-x86_64 0.1.1 22.00 165.00 187.00 NOTE
r-oldrel-macos-arm64 0.1.1 90.00 NOTE
r-oldrel-macos-x86_64 0.1.1 141.00 NOTE
r-oldrel-windows-x86_64 0.1.1 28.00 188.00 216.00 NOTE

Check Details

Version: 0.1.1
Check: Rd cross-references
Result: NOTE Found the following Rd file(s) with Rd \link{} targets missing package anchors: chkpt_brms.Rd: brms make_brmsfit.Rd: brms Please provide package anchors for all Rd \link{} targets not in the package itself and the base packages. Package unavailable to check Rd xrefs: ‘cmdstanr’ Flavors: r-devel-linux-x86_64-debian-clang, r-devel-linux-x86_64-debian-gcc, r-devel-windows-x86_64

Version: 0.1.1
Check: dependencies in R code
Result: NOTE Namespace in Imports field not imported from: ‘Rdpack’ All declared Imports should be used. Flavors: r-devel-linux-x86_64-fedora-clang, r-devel-linux-x86_64-fedora-gcc

Version: 0.1.1
Check: package dependencies
Result: NOTE Package suggested but not available for checking: ‘cmdstanr’ Flavors: r-patched-linux-x86_64, r-release-linux-x86_64, r-release-macos-arm64, r-release-macos-x86_64, r-release-windows-x86_64, r-oldrel-macos-arm64, r-oldrel-macos-x86_64, r-oldrel-windows-x86_64

Version: 0.1.1
Check: Rd cross-references
Result: NOTE Package unavailable to check Rd xrefs: ‘cmdstanr’ Flavors: r-patched-linux-x86_64, r-release-linux-x86_64, r-release-macos-arm64, r-release-macos-x86_64, r-release-windows-x86_64, r-oldrel-macos-arm64, r-oldrel-macos-x86_64, r-oldrel-windows-x86_64