CRAN Package Check Results for Package fontBitstreamVera

Last updated on 2025-04-30 11:52:04 CEST.

Flavor Version Tinstall Tcheck Ttotal Status Flags
r-devel-linux-x86_64-debian-clang 0.1.1 1.19 8.38 9.57 OK
r-devel-linux-x86_64-debian-gcc 0.1.1 0.96 7.10 8.06 OK
r-devel-linux-x86_64-fedora-clang 0.1.1 13.98 OK
r-devel-linux-x86_64-fedora-gcc 0.1.1 14.10 OK
r-devel-windows-x86_64 0.1.1 2.00 18.00 20.00 OK
r-patched-linux-x86_64 0.1.1 0.98 7.86 8.84 OK
r-release-linux-x86_64 0.1.1 1.31 7.57 8.88 OK
r-release-macos-arm64 0.1.1 11.00 OK
r-release-macos-x86_64 0.1.1 18.00 OK
r-release-windows-x86_64 0.1.1 2.00 20.00 22.00 OK
r-oldrel-macos-arm64 0.1.1 15.00 NOTE
r-oldrel-macos-x86_64 0.1.1 12.00 NOTE
r-oldrel-windows-x86_64 0.1.1 3.00 18.00 21.00 NOTE

Check Details

Version: 0.1.1
Check: LazyData
Result: NOTE 'LazyData' is specified without a 'data' directory Flavors: r-oldrel-macos-arm64, r-oldrel-macos-x86_64, r-oldrel-windows-x86_64