Last updated on 2025-01-21 11:48:23 CET.
Flavor | Version | Tinstall | Tcheck | Ttotal | Status | Flags |
---|---|---|---|---|---|---|
r-devel-linux-x86_64-debian-clang | 0.7.0 | 450.40 | 169.50 | 619.90 | OK | |
r-devel-linux-x86_64-debian-gcc | 0.7.0 | 428.03 | 159.34 | 587.37 | OK | |
r-devel-linux-x86_64-fedora-clang | 0.7.0 | 988.70 | OK | |||
r-devel-linux-x86_64-fedora-gcc | 0.7.0 | 1412.67 | OK | |||
r-devel-windows-x86_64 | 0.7.0 | 433.00 | 232.00 | 665.00 | OK | |
r-patched-linux-x86_64 | 0.7.0 | 471.42 | 208.28 | 679.70 | OK | |
r-release-linux-x86_64 | 0.7.0 | 574.89 | 207.70 | 782.59 | OK | |
r-release-macos-arm64 | 0.7.0 | 220.00 | NOTE | |||
r-release-macos-x86_64 | 0.7.0 | 325.00 | NOTE | |||
r-release-windows-x86_64 | 0.7.0 | 440.00 | 232.00 | 672.00 | OK | |
r-oldrel-macos-arm64 | 0.7.0 | 252.00 | NOTE | |||
r-oldrel-macos-x86_64 | 0.7.0 | 282.00 | NOTE | |||
r-oldrel-windows-x86_64 | 0.7.0 | 595.00 | 275.00 | 870.00 | OK |
Version: 0.7.0
Check: installed package size
Result: NOTE
installed size is 112.1Mb
sub-directories of 1Mb or more:
libs 111.6Mb
Flavors: r-release-macos-arm64, r-release-macos-x86_64, r-oldrel-macos-arm64, r-oldrel-macos-x86_64
Version: 0.7.0
Check: for GNU extensions in Makefiles
Result: NOTE
GNU make is a SystemRequirements.
Flavors: r-release-macos-arm64, r-release-macos-x86_64, r-oldrel-macos-arm64, r-oldrel-macos-x86_64