Last updated on 2025-01-17 11:49:51 CET.
Flavor | Version | Tinstall | Tcheck | Ttotal | Status | Flags |
---|---|---|---|---|---|---|
r-devel-linux-x86_64-debian-clang | 1.2.1 | 83.11 | 775.49 | 858.60 | NOTE | |
r-devel-linux-x86_64-debian-gcc | 1.2.1 | 55.05 | 450.67 | 505.72 | NOTE | |
r-devel-linux-x86_64-fedora-clang | 1.2.1 | 1302.41 | OK | |||
r-devel-linux-x86_64-fedora-gcc | 1.2.1 | 1201.67 | OK | |||
r-devel-windows-x86_64 | 1.2.1 | 81.00 | 570.00 | 651.00 | NOTE | |
r-patched-linux-x86_64 | 1.2.1 | 83.35 | 573.71 | 657.06 | OK | |
r-release-linux-x86_64 | 1.2.1 | 79.77 | 567.60 | 647.37 | OK | |
r-release-macos-arm64 | 1.2.1 | 300.00 | OK | |||
r-release-macos-x86_64 | 1.2.1 | 475.00 | OK | |||
r-release-windows-x86_64 | 1.2.1 | 84.00 | 608.00 | 692.00 | OK | |
r-oldrel-macos-arm64 | 1.2.1 | 180.00 | OK | |||
r-oldrel-macos-x86_64 | 1.2.1 | 353.00 | OK | |||
r-oldrel-windows-x86_64 | 1.2.1 | 87.00 | 716.00 | 803.00 | OK |
Version: 1.2.1
Check: Rd cross-references
Result: NOTE
Found the following Rd file(s) with Rd \link{} targets missing package
anchors:
PlotSickleJrUMAP.Rd: ggplot2
Please provide package anchors for all Rd \link{} targets not in the
package itself and the base packages.
Flavors: r-devel-linux-x86_64-debian-clang, r-devel-linux-x86_64-debian-gcc, r-devel-windows-x86_64