CRAN Package Check Results for Package lolog

Last updated on 2025-01-21 11:48:26 CET.

Flavor Version Tinstall Tcheck Ttotal Status Flags
r-devel-linux-x86_64-debian-clang 1.3.1 139.80 144.20 284.00 NOTE --no-vignettes
r-devel-linux-x86_64-debian-gcc 1.3.1 110.52 97.37 207.89 NOTE --no-vignettes
r-devel-linux-x86_64-fedora-clang 1.3.1 453.13 OK --no-vignettes
r-devel-linux-x86_64-fedora-gcc 1.3.1 525.99 OK --no-vignettes
r-devel-windows-x86_64 1.3.1 142.00 188.00 330.00 NOTE --no-vignettes
r-patched-linux-x86_64 1.3.1 155.48 133.33 288.81 OK --no-vignettes
r-release-linux-x86_64 1.3.1 151.41 133.19 284.60 OK --no-vignettes
r-release-macos-arm64 1.3.1 1803.00 NOTE
r-release-macos-x86_64 1.3.1 1410.00 NOTE
r-release-windows-x86_64 1.3.1 140.00 202.00 342.00 OK --no-vignettes
r-oldrel-macos-arm64 1.3.1 733.00 NOTE
r-oldrel-macos-x86_64 1.3.1 1624.00 NOTE
r-oldrel-windows-x86_64 1.3.1 175.00 237.00 412.00 OK --no-vignettes

Check Details

Version: 1.3.1
Flags: --no-vignettes
Check: Rd cross-references
Result: NOTE Found the following Rd file(s) with Rd \link{} targets missing package anchors: inlineLologPlugin.Rd: cppFunction, sourceCpp plot.Rcpp_DirectedNet.Rd: plot.network plot.Rcpp_UndirectedNet.Rd: plot.network plot.lologGmm.Rd: geom_histogram Please provide package anchors for all Rd \link{} targets not in the package itself and the base packages. Flavors: r-devel-linux-x86_64-debian-clang, r-devel-linux-x86_64-debian-gcc, r-devel-windows-x86_64

Version: 1.3.1
Check: installed package size
Result: NOTE installed size is 19.6Mb sub-directories of 1Mb or more: libs 18.0Mb Flavors: r-release-macos-arm64, r-release-macos-x86_64, r-oldrel-macos-arm64, r-oldrel-macos-x86_64