Last updated on 2025-01-17 11:49:52 CET.
Flavor | Version | Tinstall | Tcheck | Ttotal | Status | Flags |
---|---|---|---|---|---|---|
r-devel-linux-x86_64-debian-clang | 0.1.2 | 5.62 | 59.49 | 65.11 | NOTE | |
r-devel-linux-x86_64-debian-gcc | 0.1.2 | 4.05 | 42.70 | 46.75 | NOTE | |
r-devel-linux-x86_64-fedora-clang | 0.1.2 | 104.76 | NOTE | |||
r-devel-linux-x86_64-fedora-gcc | 0.1.2 | 110.78 | NOTE | |||
r-devel-windows-x86_64 | 0.1.2 | 10.00 | 84.00 | 94.00 | OK | |
r-patched-linux-x86_64 | 0.1.2 | 5.22 | 53.42 | 58.64 | NOTE | |
r-release-linux-x86_64 | 0.1.2 | 4.77 | 53.98 | 58.75 | NOTE | |
r-release-macos-arm64 | 0.1.2 | 38.00 | OK | |||
r-release-macos-x86_64 | 0.1.2 | 61.00 | OK | |||
r-release-windows-x86_64 | 0.1.2 | 9.00 | 80.00 | 89.00 | OK | |
r-oldrel-macos-arm64 | 0.1.2 | 40.00 | OK | |||
r-oldrel-macos-x86_64 | 0.1.2 | 54.00 | OK | |||
r-oldrel-windows-x86_64 | 0.1.2 | 10.00 | 85.00 | 95.00 | OK |
Version: 0.1.2
Check: for non-standard things in the check directory
Result: NOTE
Found the following files/directories:
‘utilities.R’
Flavors: r-devel-linux-x86_64-debian-clang, r-devel-linux-x86_64-debian-gcc, r-devel-linux-x86_64-fedora-clang, r-devel-linux-x86_64-fedora-gcc, r-patched-linux-x86_64, r-release-linux-x86_64