Last updated on 2025-01-21 11:48:30 CET.
Flavor | Version | Tinstall | Tcheck | Ttotal | Status | Flags |
---|---|---|---|---|---|---|
r-devel-linux-x86_64-debian-clang | 0.1.3 | 1122.25 | 245.26 | 1367.51 | OK | |
r-devel-linux-x86_64-debian-gcc | 0.1.3 | 1116.79 | 269.72 | 1386.51 | OK | |
r-devel-linux-x86_64-fedora-clang | 0.1.3 | 2186.51 | OK | |||
r-devel-linux-x86_64-fedora-gcc | 0.1.3 | 3304.95 | OK | |||
r-devel-windows-x86_64 | 0.1.3 | 1103.00 | 337.00 | 1440.00 | OK | |
r-patched-linux-x86_64 | 0.1.3 | 1284.73 | 363.33 | 1648.06 | NOTE | |
r-release-linux-x86_64 | 0.1.3 | 1440.88 | 361.77 | 1802.65 | NOTE | |
r-release-macos-arm64 | 0.1.3 | 528.00 | NOTE | |||
r-release-macos-x86_64 | 0.1.3 | 552.00 | NOTE | |||
r-release-windows-x86_64 | 0.1.3 | 1093.00 | 360.00 | 1453.00 | NOTE | |
r-oldrel-macos-arm64 | 0.1.3 | 582.00 | NOTE | |||
r-oldrel-macos-x86_64 | 0.1.3 | 922.00 | NOTE | |||
r-oldrel-windows-x86_64 | 0.1.3 | 1461.00 | 406.00 | 1867.00 | NOTE |
Version: 0.1.3
Check: for GNU extensions in Makefiles
Result: NOTE
GNU make is a SystemRequirements.
Flavors: r-patched-linux-x86_64, r-release-linux-x86_64, r-release-macos-arm64, r-release-macos-x86_64, r-release-windows-x86_64, r-oldrel-macos-arm64, r-oldrel-macos-x86_64, r-oldrel-windows-x86_64
Version: 0.1.3
Check: installed package size
Result: NOTE
installed size is 151.3Mb
sub-directories of 1Mb or more:
libs 150.3Mb
Flavors: r-release-macos-arm64, r-release-macos-x86_64, r-release-windows-x86_64, r-oldrel-macos-arm64, r-oldrel-macos-x86_64, r-oldrel-windows-x86_64