Last updated on 2025-04-30 11:52:23 CEST.
Flavor | Version | Tinstall | Tcheck | Ttotal | Status | Flags |
---|---|---|---|---|---|---|
r-devel-linux-x86_64-debian-clang | 1.1.0 | 3.24 | 766.41 | 769.65 | NOTE | |
r-devel-linux-x86_64-debian-gcc | 1.1.0 | 2.65 | 511.02 | 513.67 | NOTE | |
r-devel-linux-x86_64-fedora-clang | 1.1.0 | 1296.39 | OK | |||
r-devel-linux-x86_64-fedora-gcc | 1.1.0 | 1320.37 | OK | |||
r-devel-windows-x86_64 | 1.1.0 | 5.00 | 815.00 | 820.00 | OK | |
r-patched-linux-x86_64 | 1.1.0 | 3.85 | 721.24 | 725.09 | OK | |
r-release-linux-x86_64 | 1.1.0 | 2.93 | 719.48 | 722.41 | OK | |
r-release-macos-arm64 | 1.1.0 | 302.00 | OK | |||
r-release-macos-x86_64 | 1.1.0 | 674.00 | OK | |||
r-release-windows-x86_64 | 1.1.0 | 6.00 | 785.00 | 791.00 | OK | |
r-oldrel-macos-arm64 | 1.1.0 | 385.00 | OK | |||
r-oldrel-macos-x86_64 | 1.1.0 | 739.00 | OK | |||
r-oldrel-windows-x86_64 | 1.1.0 | 5.00 | 1053.00 | 1058.00 | OK |
Version: 1.1.0
Check: examples
Result: NOTE
Examples with CPU (user + system) or elapsed time > 5s
user system elapsed
moss 12.029 0.301 15.408
ps_rgb 9.856 0.182 11.248
to_spatial 5.209 0.005 6.758
Flavor: r-devel-linux-x86_64-debian-clang
Version: 1.1.0
Check: examples
Result: NOTE
Examples with CPU (user + system) or elapsed time > 5s
user system elapsed
moss 7.215 0.619 8.790
ps_rgb 6.663 0.227 7.522
Flavor: r-devel-linux-x86_64-debian-gcc