CRAN Package Check Results for Package roccv

Last updated on 2025-04-30 11:52:26 CEST.

Flavor Version Tinstall Tcheck Ttotal Status Flags
r-devel-linux-x86_64-debian-clang 1.2 6.31 55.81 62.12 NOTE
r-devel-linux-x86_64-debian-gcc 1.2 5.82 42.79 48.61 NOTE
r-devel-linux-x86_64-fedora-clang 1.2 96.03 OK
r-devel-linux-x86_64-fedora-gcc 1.2 92.68 OK
r-devel-windows-x86_64 1.2 8.00 77.00 85.00 OK
r-patched-linux-x86_64 1.2 6.64 53.70 60.34 OK
r-release-linux-x86_64 1.2 5.73 54.32 60.05 OK
r-release-macos-arm64 1.2 38.00 OK
r-release-macos-x86_64 1.2 71.00 OK
r-release-windows-x86_64 1.2 10.00 77.00 87.00 OK
r-oldrel-macos-arm64 1.2 30.00 OK
r-oldrel-macos-x86_64 1.2 56.00 OK
r-oldrel-windows-x86_64 1.2 8.00 83.00 91.00 OK

Check Details

Version: 1.2
Check: CRAN incoming feasibility
Result: NOTE Maintainer: ‘Ben Sherwood <ben.sherwood@ku.edu>’ No Authors@R field in DESCRIPTION. Please add one, modifying Authors@R: person(given = "Ben", family = "Sherwood", role = c("aut", "cre"), email = "ben.sherwood@ku.edu") as necessary. Flavors: r-devel-linux-x86_64-debian-clang, r-devel-linux-x86_64-debian-gcc